{"id":5437,"date":"2017-08-10T12:02:11","date_gmt":"2017-08-10T10:02:11","guid":{"rendered":"http:\/\/www.fondazionehonegger.it\/cms\/?page_id=5437"},"modified":"2019-09-11T14:35:48","modified_gmt":"2019-09-11T12:35:48","slug":"alloggi-protetti-via-b-crespi-6-albino-bg","status":"publish","type":"page","link":"http:\/\/www.fondazionehonegger.it\/cms\/alloggi-protetti-via-b-crespi-6-albino-bg\/","title":{"rendered":""},"content":{"rendered":"<p>[vc_row][vc_column][vc_single_image image=&#8221;5567&#8243; img_size=&#8221;medium&#8221;][vc_column_text]<strong>Definizione e finalit\u00e0.\u00a0\u00a0<\/strong><\/p>\n<p>Gli alloggi protetti per anziani, &#8220;Casa sorelle Piccoli&#8221;, definiti come insieme di alloggi aventi peculiari caratteristiche architettoniche, di sicurezza e di igiene, si affiancano agli altri servizi di welfare rivolti alle persone anziane e si pongono l\u2019obiettivo di dare all\u2019anziano la possibilit\u00e0 di condurre un\u2019esistenza il pi\u00f9 possibile normale, decidendo della propria vita e mantenendo rapporti sociali.<\/p>\n<p>I destinatari sono persone di et\u00e0 superiore a 65 anni, singoli o coppie, che conservano un sufficiente grado di autonomia, avendo per\u00f2 necessit\u00e0 di risiedere in ambienti controllati e protetti.<\/p>\n<p>Questa proposta si configura, non solo come sostegno sussidiario alle persone anziane ed alle loro famiglie, ma anche quale supporto alla rete territoriale dei servizi sociali.<\/p>\n<p>L\u2019anziano con lieve inabilit\u00e0 pu\u00f2 quindi assicurarsi la privacy e l\u2019indipendenza dell\u2019abitazione privata, con la possibilit\u00e0 di usufruire di tutti i servizi di tipo sociale, assistenziale e sanitario erogati dalla RSA.<\/p>\n<p><strong>Locali e spazi.<\/strong><\/p>\n<p>Gli alloggi, in numero di 4, ubicati nello stabile di Via B. Crespi, 6 si trovano difronte l\u2019edificio principale adibito a RSA di Via B. Crespi, 9 e rispettano i requisiti minimi di esercizio stabiliti dalla Regione Lombardia con D.G.R. n. 11497 del 17\/03\/2010.<\/p>\n<p>A piano terra si trovano:<\/p>\n<p>&#8211; un monolocale composto da un locale soggiorno con parete attrezzata cucina e letto singolo ed un bagno;<\/p>\n<p>&#8211; un bilocale composto da un locale soggiorno con parete attrezzata cucina, una camera con due posti letto ed un bagno;<\/p>\n<p>A piano primo si trovano:<\/p>\n<p>&#8211; un bilocale composto da un locale soggiorno con parete attrezzata cucina, una camera con un posto letto ed un bagno;<\/p>\n<p>&#8211; un bilocale composto da un locale soggiorno con parete attrezzata cucina, una camera con due posti letto, un bagno ed un terrazzino.<\/p>\n<p>Per ogni alloggio sono garantiti l\u2019impianto di riscaldamento autonomo, acqua, illuminazione, prese elettriche e presa TV, piastra per cuocere i cibi e citofono indipendenti.<\/p>\n<p>La residenza protetta \u00e8 dotata di ingresso indipendente e di ascensore.<\/p>\n<p>La sua collocazione difronte alla RSA, consente inoltre la fruizione di spazi comuni e l\u2019offerta dei servizi resi occasionalmente o continuativamente dalla Fondazione, in analogia alle prestazioni gi\u00e0 incluse nelle unit\u00e0 d\u2019offerta presenti.<\/p>\n<p>Tra gli spazi comuni:<\/p>\n<p>&#8211; sala animazione e spazio adibito a bar;<\/p>\n<p>&#8211; bagno assistito;<\/p>\n<p>&#8211; giardino;<\/p>\n<p>&#8211; chiesa.<\/p>\n<p>&nbsp;<\/p>\n<p><strong>Tipologia di utenza.<\/strong><\/p>\n<p>I fruitori potenziali del servizio sono:<\/p>\n<p>&#8211; anziani soli o in coppia con insicurezze tipiche dell\u2019et\u00e0 avanzata, dove il \u201cvivere solo\u201d non \u00e8 consigliato ma dove non \u00e8 suggerito neppure il ricovero in Residenza Socio Assistenziale;<\/p>\n<p>&#8211; anziani soli o coppie di anziani che presentano limitata autonomia tale da ritenere inadeguata e incompleta l\u2019assistenza domiciliare erogata dal Comune e rende necessario il supporto di personale esterno nella gestione familiare;<\/p>\n<p>&#8211; anziani soli o coppie di anziani con un serio disagio abitativo in quanto presenti, nella loro abitazione, barriere architettoniche non risolvibili.<\/p>\n<p>[\/vc_column_text][\/vc_column][vc_column width=&#8221;1\/2&#8243;][vc_single_image image=&#8221;5568&#8243; img_size=&#8221;large&#8221;][vc_single_image image=&#8221;5564&#8243; img_size=&#8221;large&#8221;][vc_single_image image=&#8221;5572&#8243; img_size=&#8221;large&#8221;][vc_single_image image=&#8221;5570&#8243; img_size=&#8221;large&#8221;][vc_single_image image=&#8221;5569&#8243; img_size=&#8221;large&#8221;][vc_single_image image=&#8221;5565&#8243; img_size=&#8221;large&#8221;][\/vc_column][vc_column][\/vc_column][\/vc_row]<\/p>\n","protected":false},"excerpt":{"rendered":"<p>[vc_row][vc_column][vc_single_image image=&#8221;5567&#8243; img_size=&#8221;medium&#8221;][vc_column_text]Definizione e finalit\u00e0.\u00a0\u00a0 Gli alloggi protetti per anziani, &#8220;Casa sorelle Piccoli&#8221;, definiti come insieme di alloggi aventi peculiari caratteristiche architettoniche, di sicurezza e di igiene, si affiancano agli altri servizi di welfare rivolti alle persone anziane e si pongono l\u2019obiettivo di dare all\u2019anziano la possibilit\u00e0 di condurre un\u2019esistenza il pi\u00f9 possibile normale, decidendo [&hellip;]<\/p>\n","protected":false},"author":2,"featured_media":0,"parent":0,"menu_order":0,"comment_status":"closed","ping_status":"closed","template":"","meta":{"_themeisle_gutenberg_block_has_review":false,"footnotes":""},"class_list":["post-5437","page","type-page","status-publish","hentry"],"yoast_head":"<!-- This site is optimized with the Yoast SEO plugin v26.6 - https:\/\/yoast.com\/wordpress\/plugins\/seo\/ -->\n<title>- Fondazione Honegger Rsa O.n.l.u.s.<\/title>\n<meta name=\"robots\" content=\"index, follow, max-snippet:-1, max-image-preview:large, max-video-preview:-1\" \/>\n<link rel=\"canonical\" href=\"http:\/\/www.fondazionehonegger.it\/cms\/alloggi-protetti-via-b-crespi-6-albino-bg\/\" \/>\n<meta property=\"og:locale\" content=\"it_IT\" \/>\n<meta property=\"og:type\" content=\"article\" \/>\n<meta property=\"og:title\" content=\"- Fondazione Honegger Rsa O.n.l.u.s.\" \/>\n<meta property=\"og:description\" content=\"[vc_row][vc_column][vc_single_image image=&#8221;5567&#8243; img_size=&#8221;medium&#8221;][vc_column_text]Definizione e finalit\u00e0.\u00a0\u00a0 Gli alloggi protetti per anziani, &#8220;Casa sorelle Piccoli&#8221;, definiti come insieme di alloggi aventi peculiari caratteristiche architettoniche, di sicurezza e di igiene, si affiancano agli altri servizi di welfare rivolti alle persone anziane e si pongono l\u2019obiettivo di dare all\u2019anziano la possibilit\u00e0 di condurre un\u2019esistenza il pi\u00f9 possibile normale, decidendo [&hellip;]\" \/>\n<meta property=\"og:url\" content=\"http:\/\/www.fondazionehonegger.it\/cms\/alloggi-protetti-via-b-crespi-6-albino-bg\/\" \/>\n<meta property=\"og:site_name\" content=\"Fondazione Honegger Rsa O.n.l.u.s.\" \/>\n<meta property=\"article:modified_time\" content=\"2019-09-11T12:35:48+00:00\" \/>\n<meta name=\"twitter:card\" content=\"summary_large_image\" \/>\n<meta name=\"twitter:label1\" content=\"Tempo di lettura stimato\" \/>\n\t<meta name=\"twitter:data1\" content=\"3 minuti\" \/>\n<script type=\"application\/ld+json\" class=\"yoast-schema-graph\">{\"@context\":\"https:\/\/schema.org\",\"@graph\":[{\"@type\":\"WebPage\",\"@id\":\"http:\/\/www.fondazionehonegger.it\/cms\/alloggi-protetti-via-b-crespi-6-albino-bg\/\",\"url\":\"http:\/\/www.fondazionehonegger.it\/cms\/alloggi-protetti-via-b-crespi-6-albino-bg\/\",\"name\":\"- Fondazione Honegger Rsa O.n.l.u.s.\",\"isPartOf\":{\"@id\":\"http:\/\/www.fondazionehonegger.it\/cms\/#website\"},\"datePublished\":\"2017-08-10T10:02:11+00:00\",\"dateModified\":\"2019-09-11T12:35:48+00:00\",\"inLanguage\":\"it-IT\",\"potentialAction\":[{\"@type\":\"ReadAction\",\"target\":[\"http:\/\/www.fondazionehonegger.it\/cms\/alloggi-protetti-via-b-crespi-6-albino-bg\/\"]}]},{\"@type\":\"WebSite\",\"@id\":\"http:\/\/www.fondazionehonegger.it\/cms\/#website\",\"url\":\"http:\/\/www.fondazionehonegger.it\/cms\/\",\"name\":\"Fondazione Honegger Rsa O.n.l.u.s.\",\"description\":\"Albino (Bergamo)\",\"potentialAction\":[{\"@type\":\"SearchAction\",\"target\":{\"@type\":\"EntryPoint\",\"urlTemplate\":\"http:\/\/www.fondazionehonegger.it\/cms\/?s={search_term_string}\"},\"query-input\":{\"@type\":\"PropertyValueSpecification\",\"valueRequired\":true,\"valueName\":\"search_term_string\"}}],\"inLanguage\":\"it-IT\"}]}<\/script>\n<!-- \/ Yoast SEO plugin. -->","yoast_head_json":{"title":"- Fondazione Honegger Rsa O.n.l.u.s.","robots":{"index":"index","follow":"follow","max-snippet":"max-snippet:-1","max-image-preview":"max-image-preview:large","max-video-preview":"max-video-preview:-1"},"canonical":"http:\/\/www.fondazionehonegger.it\/cms\/alloggi-protetti-via-b-crespi-6-albino-bg\/","og_locale":"it_IT","og_type":"article","og_title":"- Fondazione Honegger Rsa O.n.l.u.s.","og_description":"[vc_row][vc_column][vc_single_image image=&#8221;5567&#8243; img_size=&#8221;medium&#8221;][vc_column_text]Definizione e finalit\u00e0.\u00a0\u00a0 Gli alloggi protetti per anziani, &#8220;Casa sorelle Piccoli&#8221;, definiti come insieme di alloggi aventi peculiari caratteristiche architettoniche, di sicurezza e di igiene, si affiancano agli altri servizi di welfare rivolti alle persone anziane e si pongono l\u2019obiettivo di dare all\u2019anziano la possibilit\u00e0 di condurre un\u2019esistenza il pi\u00f9 possibile normale, decidendo [&hellip;]","og_url":"http:\/\/www.fondazionehonegger.it\/cms\/alloggi-protetti-via-b-crespi-6-albino-bg\/","og_site_name":"Fondazione Honegger Rsa O.n.l.u.s.","article_modified_time":"2019-09-11T12:35:48+00:00","twitter_card":"summary_large_image","twitter_misc":{"Tempo di lettura stimato":"3 minuti"},"schema":{"@context":"https:\/\/schema.org","@graph":[{"@type":"WebPage","@id":"http:\/\/www.fondazionehonegger.it\/cms\/alloggi-protetti-via-b-crespi-6-albino-bg\/","url":"http:\/\/www.fondazionehonegger.it\/cms\/alloggi-protetti-via-b-crespi-6-albino-bg\/","name":"- Fondazione Honegger Rsa O.n.l.u.s.","isPartOf":{"@id":"http:\/\/www.fondazionehonegger.it\/cms\/#website"},"datePublished":"2017-08-10T10:02:11+00:00","dateModified":"2019-09-11T12:35:48+00:00","inLanguage":"it-IT","potentialAction":[{"@type":"ReadAction","target":["http:\/\/www.fondazionehonegger.it\/cms\/alloggi-protetti-via-b-crespi-6-albino-bg\/"]}]},{"@type":"WebSite","@id":"http:\/\/www.fondazionehonegger.it\/cms\/#website","url":"http:\/\/www.fondazionehonegger.it\/cms\/","name":"Fondazione Honegger Rsa O.n.l.u.s.","description":"Albino (Bergamo)","potentialAction":[{"@type":"SearchAction","target":{"@type":"EntryPoint","urlTemplate":"http:\/\/www.fondazionehonegger.it\/cms\/?s={search_term_string}"},"query-input":{"@type":"PropertyValueSpecification","valueRequired":true,"valueName":"search_term_string"}}],"inLanguage":"it-IT"}]}},"_links":{"self":[{"href":"http:\/\/www.fondazionehonegger.it\/cms\/wp-json\/wp\/v2\/pages\/5437","targetHints":{"allow":["GET"]}}],"collection":[{"href":"http:\/\/www.fondazionehonegger.it\/cms\/wp-json\/wp\/v2\/pages"}],"about":[{"href":"http:\/\/www.fondazionehonegger.it\/cms\/wp-json\/wp\/v2\/types\/page"}],"author":[{"embeddable":true,"href":"http:\/\/www.fondazionehonegger.it\/cms\/wp-json\/wp\/v2\/users\/2"}],"replies":[{"embeddable":true,"href":"http:\/\/www.fondazionehonegger.it\/cms\/wp-json\/wp\/v2\/comments?post=5437"}],"version-history":[{"count":5,"href":"http:\/\/www.fondazionehonegger.it\/cms\/wp-json\/wp\/v2\/pages\/5437\/revisions"}],"predecessor-version":[{"id":5839,"href":"http:\/\/www.fondazionehonegger.it\/cms\/wp-json\/wp\/v2\/pages\/5437\/revisions\/5839"}],"wp:attachment":[{"href":"http:\/\/www.fondazionehonegger.it\/cms\/wp-json\/wp\/v2\/media?parent=5437"}],"curies":[{"name":"wp","href":"https:\/\/api.w.org\/{rel}","templated":true}]}}

<p>[vc_row][vc_column][vc_single_image image=&#8221;5567&#8243; img_size=&#8221;medium&#8221;][vc_column_text]<strong>Definizione e finalità.  </strong></p>
<p>Gli alloggi protetti per anziani, &#8220;Casa sorelle Piccoli&#8221;, definiti come insieme di alloggi aventi peculiari caratteristiche architettoniche, di sicurezza e di igiene, si affiancano agli altri servizi di welfare rivolti alle persone anziane e si pongono l’obiettivo di dare all’anziano la possibilità di condurre un’esistenza il più possibile normale, decidendo della propria vita e mantenendo rapporti sociali.</p>
<p>I destinatari sono persone di età superiore a 65 anni, singoli o coppie, che conservano un sufficiente grado di autonomia, avendo però necessità di risiedere in ambienti controllati e protetti.</p>
<p>Questa proposta si configura, non solo come sostegno sussidiario alle persone anziane ed alle loro famiglie, ma anche quale supporto alla rete territoriale dei servizi sociali.</p>
<p>L’anziano con lieve inabilità può quindi assicurarsi la privacy e l’indipendenza dell’abitazione privata, con la possibilità di usufruire di tutti i servizi di tipo sociale, assistenziale e sanitario erogati dalla RSA.</p>
<p><strong>Locali e spazi.</strong></p>
<p>Gli alloggi, in numero di 4, ubicati nello stabile di Via B. Crespi, 6 si trovano difronte l’edificio principale adibito a RSA di Via B. Crespi, 9 e rispettano i requisiti minimi di esercizio stabiliti dalla Regione Lombardia con D.G.R. n. 11497 del 17/03/2010.</p>
<p>A piano terra si trovano:</p>
<p>&#8211; un monolocale composto da un locale soggiorno con parete attrezzata cucina e letto singolo ed un bagno;</p>
<p>&#8211; un bilocale composto da un locale soggiorno con parete attrezzata cucina, una camera con due posti letto ed un bagno;</p>
<p>A piano primo si trovano:</p>
<p>&#8211; un bilocale composto da un locale soggiorno con parete attrezzata cucina, una camera con un posto letto ed un bagno;</p>
<p>&#8211; un bilocale composto da un locale soggiorno con parete attrezzata cucina, una camera con due posti letto, un bagno ed un terrazzino.</p>
<p>Per ogni alloggio sono garantiti l’impianto di riscaldamento autonomo, acqua, illuminazione, prese elettriche e presa TV, piastra per cuocere i cibi e citofono indipendenti.</p>
<p>La residenza protetta è dotata di ingresso indipendente e di ascensore.</p>
<p>La sua collocazione difronte alla RSA, consente inoltre la fruizione di spazi comuni e l’offerta dei servizi resi occasionalmente o continuativamente dalla Fondazione, in analogia alle prestazioni già incluse nelle unità d’offerta presenti.</p>
<p>Tra gli spazi comuni:</p>
<p>&#8211; sala animazione e spazio adibito a bar;</p>
<p>&#8211; bagno assistito;</p>
<p>&#8211; giardino;</p>
<p>&#8211; chiesa.</p>
<p>&nbsp;</p>
<p><strong>Tipologia di utenza.</strong></p>
<p>I fruitori potenziali del servizio sono:</p>
<p>&#8211; anziani soli o in coppia con insicurezze tipiche dell’età avanzata, dove il “vivere solo” non è consigliato ma dove non è suggerito neppure il ricovero in Residenza Socio Assistenziale;</p>
<p>&#8211; anziani soli o coppie di anziani che presentano limitata autonomia tale da ritenere inadeguata e incompleta l’assistenza domiciliare erogata dal Comune e rende necessario il supporto di personale esterno nella gestione familiare;</p>
<p>&#8211; anziani soli o coppie di anziani con un serio disagio abitativo in quanto presenti, nella loro abitazione, barriere architettoniche non risolvibili.</p>
<p>[/vc_column_text][/vc_column][vc_column width=&#8221;1/2&#8243;][vc_single_image image=&#8221;5568&#8243; img_size=&#8221;large&#8221;][vc_single_image image=&#8221;5564&#8243; img_size=&#8221;large&#8221;][vc_single_image image=&#8221;5572&#8243; img_size=&#8221;large&#8221;][vc_single_image image=&#8221;5570&#8243; img_size=&#8221;large&#8221;][vc_single_image image=&#8221;5569&#8243; img_size=&#8221;large&#8221;][vc_single_image image=&#8221;5565&#8243; img_size=&#8221;large&#8221;][/vc_column][vc_column][/vc_column][/vc_row]</p>

<p>[vc_row][vc_column][vc_single_image image=&#8221;5567&#8243; img_size=&#8221;medium&#8221;][vc_column_text]Definizione e finalità.   Gli alloggi protetti per anziani, &#8220;Casa sorelle Piccoli&#8221;, definiti come insieme di alloggi aventi peculiari caratteristiche architettoniche, di sicurezza e di igiene, si affiancano agli altri servizi di welfare rivolti alle persone anziane e si pongono l’obiettivo di dare all’anziano la possibilità di condurre un’esistenza il più possibile normale, decidendo [&hellip;]</p>

<!-- This site is optimized with the Yoast SEO plugin v26.6 - https://yoast.com/wordpress/plugins/seo/ -->
<title>- Fondazione Honegger Rsa O.n.l.u.s.</title>
<meta name="robots" content="index, follow, max-snippet:-1, max-image-preview:large, max-video-preview:-1" />
<link rel="canonical" href="http://www.fondazionehonegger.it/cms/alloggi-protetti-via-b-crespi-6-albino-bg/" />
<meta property="og:locale" content="it_IT" />
<meta property="og:type" content="article" />
<meta property="og:title" content="- Fondazione Honegger Rsa O.n.l.u.s." />
<meta property="og:description" content="[vc_row][vc_column][vc_single_image image=&#8221;5567&#8243; img_size=&#8221;medium&#8221;][vc_column_text]Definizione e finalità.   Gli alloggi protetti per anziani, &#8220;Casa sorelle Piccoli&#8221;, definiti come insieme di alloggi aventi peculiari caratteristiche architettoniche, di sicurezza e di igiene, si affiancano agli altri servizi di welfare rivolti alle persone anziane e si pongono l’obiettivo di dare all’anziano la possibilità di condurre un’esistenza il più possibile normale, decidendo [&hellip;]" />
<meta property="og:url" content="http://www.fondazionehonegger.it/cms/alloggi-protetti-via-b-crespi-6-albino-bg/" />
<meta property="og:site_name" content="Fondazione Honegger Rsa O.n.l.u.s." />
<meta property="article:modified_time" content="2019-09-11T12:35:48+00:00" />
<meta name="twitter:card" content="summary_large_image" />
<meta name="twitter:label1" content="Tempo di lettura stimato" />
	<meta name="twitter:data1" content="3 minuti" />
<script type="application/ld+json" class="yoast-schema-graph">{"@context":"https://schema.org","@graph":[{"@type":"WebPage","@id":"http://www.fondazionehonegger.it/cms/alloggi-protetti-via-b-crespi-6-albino-bg/","url":"http://www.fondazionehonegger.it/cms/alloggi-protetti-via-b-crespi-6-albino-bg/","name":"- Fondazione Honegger Rsa O.n.l.u.s.","isPartOf":{"@id":"http://www.fondazionehonegger.it/cms/#website"},"datePublished":"2017-08-10T10:02:11+00:00","dateModified":"2019-09-11T12:35:48+00:00","inLanguage":"it-IT","potentialAction":[{"@type":"ReadAction","target":["http://www.fondazionehonegger.it/cms/alloggi-protetti-via-b-crespi-6-albino-bg/"]}]},{"@type":"WebSite","@id":"http://www.fondazionehonegger.it/cms/#website","url":"http://www.fondazionehonegger.it/cms/","name":"Fondazione Honegger Rsa O.n.l.u.s.","description":"Albino (Bergamo)","potentialAction":[{"@type":"SearchAction","target":{"@type":"EntryPoint","urlTemplate":"http://www.fondazionehonegger.it/cms/?s={search_term_string}"},"query-input":{"@type":"PropertyValueSpecification","valueRequired":true,"valueName":"search_term_string"}}],"inLanguage":"it-IT"}]}</script>
<!-- / Yoast SEO plugin. -->

[vc_row][vc_column][vc_single_image image=&#8221;5567&#8243; img_size=&#8221;medium&#8221;][vc_column_text]Definizione e finalità.   Gli alloggi protetti per anziani, &#8220;Casa sorelle Piccoli&#8221;, definiti come insieme di alloggi aventi peculiari caratteristiche architettoniche, di sicurezza e di igiene, si affiancano agli altri servizi di welfare rivolti alle persone anziane e si pongono l’obiettivo di dare all’anziano la possibilità di condurre un’esistenza il più possibile normale, decidendo [&hellip;]
